16 + -146. Let m be 5 + -1 - (-9 - -9). Suppose -2*v - 16 = -p, -5*p - m*v + 154 = 18. What is the remainder when b is divided by p?
22
Let m be -13 + 11 + 0 + 5. Suppose 59 = m*j - 3*b + 14, 2*j - 4*b = 28. Suppose -h = -5*h + j. What is the remainder when 14 is divided by h?
2
Suppose -120 = -2*a - 4*a. Suppose 21*z + 14 = 23*z. Calculate the remainder when a is divided by z.
6
Suppose -1124 = 101*w - 3374 - 2800. Let f be -2 - -1 - (-2 - -4). What is the remainder when w is divided by (2/f)/(-2)*39?
11
Let w(x) = -2*x + 108. What is the remainder when w(34) is divided by 104/16 - 2/(-4)?
5
Suppose -3*w - 72 = -6*w. Let g be (3/(-2))/(21/(-2576)). Suppose 3*l - g = -l. Calculate the remainder when l is divided by w.
22
Suppose -39*n + 1232 = 5*n. What is the remainder when 83 is divided by n?
27
Suppose -q + 0 = -4. Suppose 15 + 17 = q*t. Calculate the remainder when 31 is divided by t.
7
Suppose -9*u + 6*u + 1290 = 0. Suppose -2*n = 3*n - u. Suppose 5*v - 3*x = 142, x = -2*v + 39 + 20. Calculate the remainder when n is divided by v.
28
Let q(r) = -2*r**2 + 42*r + 23. What is the remainder when q(14) is divided by 10?
9
Let r = 11 + 0. Suppose -5*y = 5, 3*f + 6*y = 2*y + r. Suppose -v + 82 = -3*q, 0 = f*q + 12 + 13. Calculate the remainder when v is divided by 23.
21
Let a(t) = 2*t**2 - 8*t + 4. Suppose 3*s + 24 = 4*d + 6*s, 0 = 2*s. Calculate the remainder when 251 is divided by a(d).
27
Let m(i) = i**2 - 1. Let z(n) = -n**3 + 9*n**2 + n - 3. Let g(s) = -m(s) + z(s). What is the remainder when (27/(-6))/(1/(-6)) is divided by g(8)?
3
Suppose 13 = -3*z + 3*l + 22, 5*z - 2*l = 15. Let b = -11 + 8. Let q = b - -10. What is the remainder when q is divided by z?
1
Let y = -36 - -38. Suppose 3*t = -y*t + 15. Calculate the remainder when 5 is divided by t.
2
Suppose -5*b - 5 = -3*c - 61, -4*c = -2*b + 14. Calculate the remainder when 88 is divided by b.
10
Suppose h - 2*i = 4*h - 13, 5*h - 4*i - 29 = 0. Let v(x) = -x**3 - 6*x**2 + 6*x - 2. Calculate the remainder when h is divided by v(-7).
0
Suppose -5*b = -5*g + 435 + 50, 2*g - 3*b = 193. Let y = g + -163. Calculate the remainder when y*3/((-15)/2) is divided by 9.
8
Let s = -6 - -2. Let j(t) = 5*t**3 + 8*t**3 - 14*t**3 - 6*t + t - 5. What is the remainder when j(s) is divided by 20?
19
Suppose 8904 = 75*f - 33*f. Calculate the remainder when f is divided by 26.
4
Calculate the remainder when (1/(-4))/(3 + 18991/(-6328)) is divided by 24.
10
Let f(w) = 7*w**2 + 23*w - 7. Calculate the remainder when f(-12) is divided by 28.
25
Let z(s) = -8*s + 16 + 2 + 9*s. Calculate the remainder when z(0) is divided by ((-4)/6)/(10/(-105)).
4
Let v(h) = 7*h + 153. What is the remainder when v(-15) is divided by 14?
6
Let p(b) = -4*b - 24. Let f(s) = 3*s + 23. Let t(a) = 3*f(a) + 2*p(a). What is the remainder when 33 is divided by t(-9)?
9
Let q = 97 - 96. Calculate the remainder when 1 is divided by q.
0
Let v be 1 + (-5)/4 + 117/4. Let l = 36 - v. Calculate the remainder when 11 is divided by l.
4
Let l(c) = -c + 0*c - 6 - 7*c + 5. Calculate the remainder when 12 is divided by l(-1).
5
Let q(u) = -212*u - 1197. What is the remainder when 291 is divided by q(-6)?
66
Suppose -295 = -4*q - 107. Calculate the remainder when q is divided by ((-3)/(-3))/(17/204).
11
Let i(r) = 16*r**3 + 3*r**2 - 3*r. Calculate the remainder when i(2) is divided by ((-430)/129*(-27)/(-24))/((-2)/8).
14
Suppose -395 = 4*o - 9*o. Calculate the remainder when o is divided by 22.
13
Suppose -6 + 14 = 2*u. What is the remainder when (-6 - 161/(-21))/(1/3) is divided by u?
1
Suppose -5*v + 0*v = -75. Let u be 1 - 2/(-4)*(3 + -1). Suppose 2*j - u = -0*j + 4*p, 4*j = -4*p + 52. Calculate the remainder when v is divided by j.
6
Suppose -49 = -n - 23. Let b = 22 - 11. Calculate the remainder when n is divided by b.
4
Suppose 109*r - 135 = 106*r. Calculate the remainder when r is divided by (24/(-9) - -2)*-18.
9
Let u(g) = 7*g**2 - 23*g - 168. What is the remainder when u(-6) is divided by 35?
12
Let l(q) = 367*q + 2. Let o be l(-1). Let s = -236 - o. Calculate the remainder when s is divided by 26.
25
Suppose -404 = -r + 5*d, -2*d = r + 2*d - 422. What is the remainder when r is divided by 83?
82
Let i(v) = v. Let b(y) = -10*y - 3. Let a(s) = -b(s) - 6*i(s). Suppose 0 = 4*k - m - 15, 3*m - 7*m = 12. Calculate the remainder when a(k) is divided by 6.
3
Let l(w) = 22*w**2 - 2*w - 1. Let y = 5 + -6. Suppose 0 = -2*p - p + 18. What is the remainder when l(y) is divided by p?
5
Let d(m) = m**3 - 3*m**3 + 2*m**2 + 2*m + 1 + 1. Let p be d(-2). Let u = -9 + p. What is the remainder when u is divided by 8?
5
Suppose -22*q = -5383 - 3835. What is the remainder when q is divided by 84?
83
Let j = -29 + 9. Let k(n) = n**3 + 21*n**2 + 21*n + 39. Calculate the remainder when 93 is divided by k(j).
17
Let r(a) = -a**3 - 4*a**2 + 7*a. Let i be r(-5). Let y = i + 18. Suppose 3*m + d = 2*d + 8, -2*d = -y. What is the remainder when 7 is divided by m?
3
Let j be 4/(-6) - (-68)/(-6). Let n = 18 + j. Suppose 480 = 34*a + 14*a. Calculate the remainder when a is divided by n.
4
Calculate the remainder when (-11090)/(-33) - 116/1914 is divided by 120.
96
Let r = -168 - -172. Calculate the remainder when 23 is divided by r.
3
Let p = 295 + -156. Calculate the remainder when p is divided by 50.
39
Let s(p) = 17*p. Let k be s(-4). Let n be 754/8 + (-6)/(-8). Let r = n + k. Calculate the remainder when r is divided by 10.
7
Let d(z) = z**3 - 8*z**2 + 6*z + 22. Let m be d(7). Let o = m - 13. Calculate the remainder when o is divided by 2.
0
Suppose -16 = -4*a, -2*x - 4*a + 0*a + 132 = 0. Suppose 2*h - 7*h = -3*r + 165, 4*h = r - 139. Let m = h + 51. Calculate the remainder when x is divided by m.
13
Let r = 1727 - 1367. What is the remainder when r is divided by 64?
40
Let d = 19 - 13. Let p = -31756 + 31762. Calculate the remainder when d is divided by p.
0
Let d = 22 - 20. Suppose -104 = -d*t - 2*t. Calculate the remainder when t is divided by 15.
11
Calculate the remainder when -2 + -1 + 1680/10 is divided by 39.
9
Let g(s) = 31*s - 210. Let k be g(8). Let r(p) = p**3 + 3*p**2 - 6*p - 3. Let o be r(-5). Let l = o + k. Calculate the remainder when 43 is divided by l.
13
Let s(g) = 2*g**2 + 8*g - 72. Calculate the remainder when 29 is divided by s(-9).
11
Suppose 15 = 2*h + h. Suppose -377 = -h*x + 3*m, -x - 4*m - 35 = -115. Suppose -k - x = -5*k. Calculate the remainder when k is divided by 5.
4
Suppose -l - 63*j + 67*j = -5, 0 = 3*l + 3*j - 90. Calculate the remainder when 131 is divided by l.
6
Suppose -5*l - 6 + 76 = 0. Let u = 64 + -57. Suppose 0 = u*c + 161 - 546. Calculate the remainder when c is divided by l.
13
Let l = 733 + -720. Let u(r) = -r**2 - 7*r - 4. Calculate the remainder when l is divided by u(-5).
1
Suppose 2*z + 1 = 5. Suppose 0 = -g - p + 11, 0*p - z = 2*p. Calculate the remainder when 22 is divided by g.
10
Let z be 1/1*1*-53. Let b be 51558/429 - 2/11. Let y = b + z. Calculate the remainder when y is divided by 23.
21
Let q = 31 + -28. Suppose b + q*b = 104. What is the remainder when 74 is divided by b?
22
Suppose 3*a - 91 = -4*c - 0*c, -c - a + 24 = 0. What is the remainder when 123 is divided by c + (26/(-65))/((-1)/5)?
18
Suppose -7*k - 1 = -8*k. Let r be k/2*(-8 + 30). Let m = 20 - r. What is the remainder when m is divided by 5?
4
Let v(s) = -8*s + 10. Let y be v(10). Suppose t + 72 = 5*t. What is the remainder when y/(0 + -5 + 4) is divided by t?
16
Let b(y) = -7*y. Let g(x) = -7*x - 1. Let d(o) = -5*b(o) + 4*g(o). Let f = -6 + 10. What is the remainder when f is divided by d(1)?
1
Suppose -8*q - 4*z + 57 = -3*q, 45 = 4*q + 3*z. Calculate the remainder when -5*-2*q/10 is divided by 4.
1
Let f = 2162 + -2067. Calculate the remainder when f is divided by 34.
27
Suppose -3*f - 3*h = -71 - 106, -3*h = 4*f - 237. Suppose 0*c = -2*c + 5*k + 41, 0 = 3*k - 3. Let l = 54 - c. Calculate the remainder when f is divided by l.
29
Let o(q) = -3*q - 18. Let r(t) = -t + 5. Let n be r(2). Suppose n*x + 178 = 8*x - 3*w, w = x - 36. Calculate the remainder when x is divided by o(-9).
8
Calculate the remainder when 95 is divided by (-422)/(-12) - (-13)/(-78).
25
Let l be 2 - (6 - 2 - 6). Suppose -5*k + 44 = 5*i - 36, 57 = l*k - 3*i. What is the remaind